31
What are the prime factors of 924051?
3, 308017
What are the prime factors of 1817669?
7, 259667
List the prime factors of 178026.
2, 3, 29671
What are the prime factors of 172355?
5, 34471
What are the prime factors of 1752059?
317, 5527
List the prime factors of 173673.
3, 23, 839
List the prime factors of 12971014.
2, 7, 211, 4391
What are the prime factors of 2560916?
2, 640229
List the prime factors of 3685814.
2, 11, 167537
List the prime factors of 64859.
79, 821
List the prime factors of 69625.
5, 557
What are the prime factors of 9011424?
2, 3, 37, 43, 59
What are the prime factors of 2537226?
2, 3, 31, 4547
What are the prime factors of 233228?
2, 199, 293
What are the prime factors of 478616?
2, 29, 2063
List the prime factors of 5080487.
227, 22381
What are the prime factors of 148436?
2, 43, 863
What are the prime factors of 348808?
2, 59, 739
What are the prime factors of 2308047?
3, 7, 2243
List the prime factors of 1436043.
3, 7, 9769
List the prime factors of 8004808.
2, 7, 223, 641
What are the prime factors of 5189454?
2, 3, 17, 5653
What are the prime factors of 1675737?
3, 7, 67, 397
List the prime factors of 304621.
37, 8233
What are the prime factors of 4851037?
53, 91529
List the prime factors of 3107828.
2, 47, 61, 271
What are the prime factors of 48345?
3, 5, 11, 293
What are the prime factors of 51161?
11, 4651
What are the prime factors of 394722?
2, 3, 21929
What are the prime factors of 218074?
2, 109037
What are the prime factors of 536757?
3, 13, 13763
List the prime factors of 1156468.
2, 131, 2207
List the prime factors of 1565845.
5, 43, 7283
List the prime factors of 265374.
2, 3, 23, 641
What are the prime factors of 1942689?
3, 7, 79, 1171
List the prime factors of 13312679.
2617, 5087
What are the prime factors of 591434?
2, 109, 2713
What are the prime factors of 420208?
2, 26263
What are the prime factors of 413642?
2, 206821
List the prime factors of 130344.
2, 3, 5431
List the prime factors of 12414375.
3, 5, 2207
What are the prime factors of 1731938?
2, 13, 29, 2297
List the prime factors of 2338077.
3, 7, 111337
List the prime factors of 317835.
3, 5, 7, 1009
List the prime factors of 207579.
3, 69193
List the prime factors of 339471.
3, 11, 127
List the prime factors of 1280181.
3, 7, 60961
List the prime factors of 573679.
573679
What are the prime factors of 1378480?
2, 5, 17231
List the prime factors of 1630.
2, 5, 163
List the prime factors of 6226116.
2, 3, 13, 107, 373
List the prime factors of 8183661.
3, 19, 143573
What are the prime factors of 707822?
2, 353911
List the prime factors of 4414085.
5, 13, 59, 1151
List the prime factors of 22672200.
2, 3, 5, 29, 1303
List the prime factors of 1190847.
3, 7, 8101
List the prime factors of 1474133.
173, 8521
List the prime factors of 1355521.
101, 13421
List the prime factors of 3075099.
3, 67, 15299
List the prime factors of 788346.
2, 3, 13, 1123
List the prime factors of 110507.
59, 1873
What are the prime factors of 405396?
2, 3, 11261
List the prime factors of 586383.
3, 7, 3989
List the prime factors of 4528247.
4528247
List the prime factors of 1803507.
3, 83, 7243
List the prime factors of 3391736.
2, 307, 1381
List the prime factors of 6214435.
5, 17, 113, 647
List the prime factors of 215342.
2, 107671
What are the prime factors of 1341876?
2, 3, 67, 1669
What are the prime factors of 323255?
5, 17, 3803
List the prime factors of 10428.
2, 3, 11, 79
List the prime factors of 1213739.
19, 127, 503
What are the prime factors of 10952770?
2, 5, 661, 1657
List the prime factors of 8279377.
8279377
What are the prime factors of 2036061?
3, 29, 269
List the prime factors of 2493731.
19, 131249
What are the prime factors of 160669?
160669
List the prime factors of 2822446.
2, 11, 107, 109
What are the prime factors of 105340?
2, 5, 23, 229
What are the prime factors of 24344400?
2, 3, 5, 20287
List the prime factors of 17969928.
2, 3, 751, 997
List the prime factors of 5457944.
2, 37, 18439
List the prime factors of 34222578.
2, 3, 13, 541, 811
What are the prime factors of 135792?
2, 3, 23, 41
List the prime factors of 268289.
7, 38327
List the prime factors of 625731.
3, 208577
What are the prime factors of 3840679?
19, 10639
List the prime factors of 2667271.
31, 139, 619
What are the prime factors of 3888831?
3, 1296277
List the prime factors of 290529.
3, 19, 1699
List the prime factors of 764738.
2, 13, 67, 439
List the prime factors of 6790880.
2, 5, 42443
List the prime factors of 631083.
3, 210361
List the prime factors of 607735.
5, 121547
What are the prime factors of 1974972?
2, 3, 164581
List the prime factors of 760992.
2, 3, 7927
List the prime factors of 129776.
2, 8111
What are the prime factors of 4949202?
2, 3, 101, 8167
What are the prime factors of 132351?
3, 157, 281
What are the prime factors of 13983881?
227, 61603
What are the prime factors of 309479?
309479
What are the prime factors of 1725389?
1725389
List the prime factors of 711631.
29, 53, 463
List the prime factors of 669639.
3, 29, 43, 179
What are the prime factors of 8563363?
61, 79, 1777
List the prime factors of 3018071.
7, 431153
What are the prime factors of 3067913?
229, 13397
What are the prime factors of 287408?
2, 11, 23, 71
What are the prime factors of 6390293?
7, 13, 70223
What are the prime factors of 507966?
2, 3, 31, 2731
List the prime factors of 191462.
2, 95731
What are the prime factors of 1200777?
3, 73, 5483
List the prime factors of 819566.
2, 11, 37253
List the prime factors of 10762027.
10762027
List the prime factors of 464522.
2, 29, 8009
What are the prime factors of 344624?
2, 7, 17, 181
List the prime factors of 250537.
7, 5113
What are the prime factors of 523866?
2, 3, 7, 12473
List the prime factors of 502717.
502717
List the prime factors of 1943677.
281, 6917
List the prime factors of 630489.
3, 29, 7247
List the prime factors of 155138.
2, 77569
List the prime factors of 290127.
3, 97, 997
What are the prime factors of 61485?
3, 5, 4099
List the prime factors of 16136510.
2, 5, 13, 19, 47, 139
List the prime factors of 670207.
61, 10987
What are the prime factors of 519917?
519917
What are the prime factors of 591712?
2, 11, 41
What are the prime factors of 275008?
2, 4297
List the prime factors of 42655.
5, 19, 449
List the prime factors of 3201180.
2, 3, 5, 53353
List the prime factors of 88219.
47, 1877
List the prime factors of 6467465.
5, 1293493
What are the prime factors of 248191?
283, 877
What are the prime factors of 24687324?
2, 3, 685759
What are the prime factors of 42171?
3, 14057
List the prime factors of 462506.
2, 11, 21023
List the prime factors of 321358.
2, 41, 3919
What are the prime factors of 219360?
2, 3, 5, 457
List the prime factors of 415408.
2, 7, 3709
What are the prime factors of 1057096?
2, 132137
What are the prime factors of 27861417?
3, 3095713
What are the prime factors of 27129?
3, 9043
What are the prime factors of 1099828?
2, 274957
What are the prime factors of 6032143?
13, 464011
What are the prime factors of 327457?
13, 25189
What are the prime factors of 4155869?
61, 193, 353
What are the prime factors of 28464384?
2, 3, 13, 2851
What are the prime factors of 271462?
2, 135731
List the prime factors of 456107.
456107
List the prime factors of 5932970.
2, 5, 593297
What are the prime factors of 9212832?
2, 3, 10663
List the prime factors of 204711.
3, 13, 29, 181
List the prime factors of 506026.
2, 253013
What are the prime factors of 4150731?
3, 13, 71, 1499
What are the prime factors of 225349?
225349
List the prime factors of 1016299.
251, 4049
List the prime factors of 6980045.
5, 41, 79, 431
List the prime factors of 211144.
2, 26393
What are the prime factors of 201256?
2, 11, 2287
What are the prime factors of 120851?
120851
What are the prime factors of 6385255?
5, 439, 2909
List the prime factors of 8111359.
137, 59207
List the prime factors of 800658.
2, 3, 14827
List the prime factors of 3471609.
3, 1157203
What are the prime factors of 1088013?
3, 67, 5413
What are the prime factors of 13302081?
3, 13, 41, 47, 59
What are the prime factors of 307582?
2, 11, 31, 41
List the prime factors of 57540.
2, 3, 5, 7, 137
List the prime factors of 18680.
2, 5, 467
List t